(-1 + -14 - 0)
2
-3 - -6 - -9 - 20 - 10
-18
-9 + (-1 + 12 - 4) + (1 - -10)
9
What is the value of -3 - -12 - (1 - 18) - (-11 - -13)?
24
What is the value of -2 - (-3 - 9) - (-22 - -38)?
-6
What is 6 + -15 + 20 - -6?
17
Calculate -32 + (9 - 4) + 14 + -25.
-38
What is the value of -4 + (-16 - -23 - 14)?
-11
What is (21 - 7) + (-4 - (-6 - (-3 + -3)))?
10
What is the value of -6 + (2 - 2) + 8 + -11 + 0?
-9
-30 + 10 - (-22 - -5)
-3
What is the value of -3 + -34 + 11 + 12 - -9?
-5
What is the value of -4 + 4 + (4 - (-3 - -1))?
6
Evaluate ((-9 - 1) + 16 - 9) + 20.
17
What is the value of -9 - (-1 + -8) - -11 - 19?
-8
Calculate -5 + 24 + (-20 - -16).
15
0 + 7 + -2 + -5 + 2
2
(-3 - (-1 - 10)) + -12
-4
What is the value of (10 - 11) + -18 + 8 - -11?
0
What is -10 - (9 - (6 - 0))?
-13
What is 38 - 14 - 14 - 11?
-1
Calculate 6 + -3 + 2 + (-1 - 2).
2
77 + -89 + (0 - 6)
-18
Calculate -20 - (-4 - (-6 - -22)).
0
Calculate -48 + 66 + (-21 - 0).
-3
Evaluate (-24 - -9) + (1 - -32).
18
What is the value of 19 - ((16 - (-7 + 14 + -2)) + -4)?
12
What is the value of (6 - (12 + -16 + -3)) + 9?
22
Evaluate (-1 - (-7 - -4)) + -7 + 1 + 2.
-2
Calculate (1 - (3 + (-7 - 1))) + -183 + 175.
-2
-50 + 43 + (2 - -2) + -4
-7
Evaluate 1 + -2 - (15 + -18 + -4).
6
Calculate 1 + -3 + -1 - (-40 - -37).
0
Evaluate (3 - (6 - 4 - 0)) + -7 - -3.
-3
What is 4 - (-49 + (-1 - -40))?
14
What is the value of -5 + 1 + (-20 - (-13 - 0)) + -1?
-12
-24 - 0 - (-27 - -10)
-7
-17 + -4 + -2 + 15 + -23 + 1
-30
Evaluate -5 + 11 + -6 + (-1 - (-10 - -6)).
3
What is the value of -7 + 7 + -3 + -2 + 8 + 4?
7
Evaluate -5 + -5 + 8 + 18 + -2 - -1.
15
Evaluate -8 - -30 - (-2 - (-19 + 6 + -1)).
10
What is the value of (-19 - (-25 - -8)) + 7 + -9?
-4
Evaluate -9 + 6 + -8 + 18.
7
Calculate 4 + (1 - 1) + (2 - 10) + 8.
4
Evaluate (27 - 66) + 81 - 36.
6
Evaluate -29 + -4 + (17 + -11 + 9 - 7).
-25
Calculate 2 - 8 - (-1 + 4 + 342 + -340).
-11
What is 12 - 16 - (-2 + 28)?
-30
What is 23 - (-7 - (-20 + 4 + 4 + -6))?
12
0 + 2 - (190 + -177)
-11
-4 + (-5 + 4 - (62 + -64))
-3
What is 16 - 17 - 15 - -7?
-9
What is -13 + 4 + 1 + (-2 - 3) + 4?
-9
-3 + (33 - 22) - -4
12
What is the value of 35 + -37 - (-3 - (0 + (-4 - -3)))?
0
What is -12 - ((24 - (25 + 9)) + 13 + 2)?
-17
Evaluate (-2 - -9) + -18 + (-7 - -8 - -1).
-9
What is the value of -2 - 0 - 0 - (12 + -11 + 0)?
-3
What is the value of (0 + 23 - (-6 + 4)) + (268 - 271)?
22
Evaluate 1 + -3 + -13 - (57 - 58).
-14
13 + -10 + (-14 - -15)
4
Calculate -7 + -16 + -31 + 54.
0
What is the value of (-9 - -17) + 7 + -37 + 7?
-15
What is the value of (-28 - (-6 + -4 + 2)) + 9?
-11
Calculate (1 - 0) + -9 + -17 + 7 + 24.
6
What is the value of 318 + -321 - (-24 + (-2 + 2 - 1))?
22
What is the value of (5 - 4) + 0 - (-187 - -183)?
5
Calculate 5 + (1 - 1 - 10) + 9.
4
What is -19 - (-36 + 15 + -11)?
13
Calculate (-7 - (-2 - -2)) + (-64 - -89 - -12).
30
Calculate -2 + -2 - (8 - (-2 + 13)).
-1
Calculate (-11 - -20) + 2 - 33 - (-1 - 6).
-15
What is the value of -22 - (11 + -1 + -19)?
-13
What is the value of -102 + 104 + (-1 - -7 - 2) + -21?
-15
What is the value of (7 - (2 + -3 - (20 - 43))) + 3?
-12
What is (11 - (30 - 16)) + -4?
-7
(4 - 0) + -3 + 26 + -32
-5
(131 - 113) + (12 - (-5 - -10))
25
-32 - -57 - (-17 - -69)
-27
Evaluate (17 - 10) + -10 - -4.
1
What is (-12 - 1) + (8 + (-7 - -6) - 2)?
-8
What is -7 - (-8 + (3 - -9))?
-11
Calculate 384 - 394 - (2 + 0 + -25).
13
Calculate -32 + 24 + 8 - 19.
-19
Calculate -16 + (-25 + -6 + 40 - (-2 - -4)).
-9
Calculate 22 - (-6 + 7 + 0 - -7).
14
What is -13 - (-17 + -8 + 1)?
11
-8 - (-3 + -8) - 17 - (1 - 1)
-14
What is the value of (-1 - 8) + (-29 - (-16 - 5))?
-17
What is -35 + 6 - ((-43 - -25) + (-2 - -12))?
-21
What is the value of -18 + (4 - -26 - 0)?
12
What is (-13 + 2 - (-12 + 8)) + 2 + -6?
-11
5 + -9 + 5 + (4 + -1 - 5)
-1
224 + -225 - (1 - (-2 + 0 + 4))
0
Calculate 3 - (7 + (-1 + -2 - 15) - -2).
12
Calculate (7 - (5 + -1) - (57 + -10)) + 9.
-35
Evaluate 0 - (6 - -2 - (-2 + (39 - 3))).
26
Evaluate -2 - -22 - 24 - 6.
-10
Evaluate 5 - 12 - -15 - 18.
-10
What is the value of (25 - 11) + -14 - (1 + 0)?
-1
(2 + (4 - -6) - 10) + 11
13
What is the value of (-28 - -44) + 4 + -2?
18
What is -20 + (6 - (36 + -62))?
12
7 + (-8 - (-3 - 6)) + -10
-2
What is -18 - 2 - (-6 + 20 + -23)?
-11
What is 5 - (19 + -13 + 10)?
-11
What is the value of -14 - -28 - (1 + 26 + -7)?
-6
(-4 - 7) + (-6 - (11 - 9) - -1)
-18
What is the value of -57 - (17 + -90 + 33)?
-17
Evaluate (-9 - 27) + 19 + 15.
-2
What is the value of 1 + 5 + -4 + 5 + -6 + -2?
-1
What is the value of -2639 + 2654 + -1 + 2 + (-1 - 2)?
13
Calculate 2 + (28 + -7 - 46).
-23
What is (-2 - 4) + (2 + (0 - 3) - 1)?
-8
5 + -2 + -4 + (-6 - -11) + -6
-2
What is (-6 - (-7 + 8)) + (1 - 6)?
-12
What is the value of 5 - 5 - 3 - (3 - 14)?
8
Calculate (-3 - 8) + (-9 - -9) - -6.
-5
What is -1 + 27 + 2 - 25?
3
Calculate 7 + (5 - (5 - 5)) + -6.
6
What is (18 - 15) + (-5 - 10)?
-12
What is 12 + -17 + 17 + (-12 - -9)?
9
What is the value of 13 - 9 - (22 - 3)?
-15
What is 17 - (5 - -3) - (-1 + 0)?
10
Evaluate -5 - -11 - (-1 - -1 - -5 - 1).
2
What is the value of (42 + -34 - -1) + 8?
17
(-11 - (-12 - -7)) + 0 - (-2 - 1)
-3
9 + (-17 + -4 - (-15 + 10))
-7
What is the value of (-72 - -60) + 8 + -2 - -15?
9
Evaluate -9 - -3 - -5 - -3.
2
What is the value of 0 - 7 - (-2 - (-6 - 5) - 11)?
-5
Calculate 15 + (-10 - -4) + 0.
9
-6 - (6 + -31 + (7 + 5 - 4))
11
What is the value of 11 - (-3 + 4 + -1 + -9)?
20
Evaluate (2 + -4 - -5) + 11 + 3.
17
What is the value of -6 + 1 - (11 - 17) - 17?
-16
(-12 - (-5 + -38)) + -36 + 17
12
What is -10 + (-13 - (-32 - -10))?
-1
22 - 4 - (21 - 4 - 18)
19
Evaluate (-14 + 9 - -7) + -4.
-2
Calculate 20 + -4 + (8 - (7 - 5)).
22
Evaluate 0 + -3 - (-5 - (-6 + -5) - 7).
-2
What is (8 - (0 + 5)) + (-45 - -51)?
9
Calculate 6 - ((-4 - (-5 + 4)) + 9) - 3.
-3
What is the value of -29 - (15 + -73) - -1?
30
Evaluate -8 + -7 + (-55 - -64).
-6
What is the value of (17 - -6) + 10 + -48?
-15
What is 9 - ((2 - 20) + 19)?
8
What is the value of -9 - 7 - -17 - 8?
-7
Evaluate (7 - 0 - -6) + 3 + -7 + 1.
10
What is (-3 - -5) + 5 + (5 - 12) + 5?
5
What is the value of 7 + ((2 + 3 - 5) + -1 - 24)?
-18
What is -2 - -6 - -17 - 18?
3
Evaluate (-9 - -25 - 8 - 8) + 4.
4
What is the value of -15 + 5 + (9 - (31 - 8))?
-24
Calculate 2 + -5 + (-10 - -5) - -6.
-2
What is (30 - 6 - 44) + 4?
-16
Calculate 9 - (-18 - (-2 - (5 + 4)) - -27).
-11
Evaluate (6 - -21) + -42 + 27.
12
What is the value of -9 - 27 - (-3 - 15)?
-18
What is the value of (1 - 4 - 3) + (-6 - (-1 - 13))?
2
What is the value of 16 + -5 + -14 + -9 + 11?
-1
What is the value of -27 - -33 - (8 + -1) - (1 + -2)?
0
Calculate -2 + (5 + -27 - -12 - (0 - 3)).
-9
What is -8 + (0 - -10) - 23?
-21
Calculate 12 - (3 + 6 + (-3 - 5) + -7).
18
-45 - (12 - 2 - 20 - -5 - 5)
-35
-12 - (11 + (-15 - -15))
-23
Calculate 46 + -56 + (-7 - -4) + 5 + -1.
-9
What is 33 + 0 - (-2 - (-21 + 15 + -7))?
22
What is the value of -4 - (-3 + 2) - (6 + -6)?
-3
What is 0 + -1 + (-220 - -213)?
-8
8 - (16 - (-14 - -1))
-21
Evaluate -5 - (0 + -1) - (4 - -27 - 26).
-9
What is 0 - 43 - (28 - 39 - -2)?
-34
-56 - -21 - -21 - (-1 + 6)
-19
Evaluate (5 + 7 + -26 - -9) + -3 + -12.
-20
Calculate 1 - ((-10 - (-33 - -9)) + 8).
-21
Calculate 73 + -82 + (0 - -17) - (1 - 5).
12
What is 23 - (7 + (24 - 14))?
6
84 + -90 - (2 + -8 + 0)
0
What is 561 - 560 - (0 - -1 - 2)?
2
Evaluate -21 + 32 - ((1 - 0) + 0 - 2).
12
-4 - -8 - (138 + -131)
-3
Calculate 13 + -14 + -10 - -19.
8
What is the value of 1 + -1 - (1 - -1 - (-9 - 3))?
-14
-26 - (20 + -10 + -20)
-16
What is 18 + (-12 + 15 + 12 - 8)?
25
What is the value of 2 - (-5 - (-14 - -2))?
-5
Evaluate -3 + (-1 - -7 - (-5 - -11)).
-3
Evaluate -6 + 8 + (9 - (5 - (1 - -1))).
8
What is the value of 41 + -54 + (6 - -1)?
-6
Calculate 6 - (116 + -120 - (0 + 0 + 0)).
10
Calculate (9 + -3 - -15) + -11 + -9 + 1.
2
(3 - -18) + (15 + -6 - 13)
17
What is 30 - (-175 - -162 - (-16 + 0))?
27
What is the value of -1 - -5 - (19 - (3 + (7 - 1)))?
-6
Calculate 0 + 3 - (11 + 0 + 87 + -100).
5
-4 - (1 - (33 - 8))
20
Calculate (-2 - (1 + 1)) + (-21 - -21) + 2.
-2
Calculate (-17 + 3 - (-3 + -3)) + 13.
5
0 + (0 + 0 + 39 + -39 - 5)
-5
What is the value of (13 - 0 - (19 + -18)) + 21 + 1?
34
Calculate -6 - (-